{"id":10,"date":"2022-07-07T18:24:58","date_gmt":"2022-07-07T18:24:58","guid":{"rendered":"https:\/\/773psi.net\/wordpress\/?page_id=10"},"modified":"2022-07-24T10:39:20","modified_gmt":"2022-07-24T10:39:20","slug":"missao","status":"publish","type":"page","link":"https:\/\/773psi.net\/wordpress\/missao\/","title":{"rendered":"Escutismo"},"content":{"rendered":"\n<p><strong>Miss\u00e3o &#8211;&nbsp;&#8220;Educating young people to play a constructive role in society&#8221; &#8211; &#8220;Educar os jovens para que estes desempenhem um papel construtivo na sociedade&#8221;. &nbsp;<br><br><\/strong>A Miss\u00e3o do Escutismo \u00e9 contribuir para a educa\u00e7\u00e3o dos jovens, atrav\u00e9s de um sistema de valores baseado na Promessa e Lei Escutistas, ajudando a construir um mundo melhor onde as pessoas s\u00e3o realizadas enquanto indiv\u00edduos e desempenham um papel construtivo na sociedade. &nbsp;<br>A Miss\u00e3o foi adotada na 35\u00aa Confer\u00eancia Mundial do Escutismo em Durban, \u00c1frica do Sul, em 1999. A defini\u00e7\u00e3o pretende ilustrar simultaneamente o impacto local e global do Escutismo. A Miss\u00e3o do Escutismo foi tamb\u00e9m utilizada na constru\u00e7\u00e3o da marca &#8220;Scouting&#8221; (Escutismo) atrav\u00e9s da frase &#8220;Creating a Better World&#8221; (&#8220;Criando um Mundo Melhor&#8221;).<\/p>\n\n\n\n<p><\/p>\n\n\n\n<p><strong>Vis\u00e3o &#8211; &#8220;Creating a Better World&#8221; &#8211; &#8220;Criando um Mundo Melhor&#8221;<br><\/strong>Em 2023 o Escutismo ser\u00e1 um movimento l\u00edder mundial na educa\u00e7\u00e3o de&nbsp;jovens. Este movimento permitir\u00e1 que 100 milh\u00f5es de jovens sejam cidad\u00e3os ativos geradores de mudan\u00e7a positiva nas suas comunidades e no mundo atrav\u00e9s de um sistema de valores comuns. A Vis\u00e3o para o Escutismo, Vis\u00e3o 2023, foi adotada na 40\u00aa Confer\u00eancia Mundial do Escutismo em Liubliana, Eslov\u00e9nia, em 2014.<\/p>\n","protected":false},"excerpt":{"rendered":"<p>Miss\u00e3o &#8211;&nbsp;&#8220;Educating young people to play a constructive role in society&#8221; &#8211; &#8220;Educar os jovens para que estes desempenhem um&#8230;<\/p>\n","protected":false},"author":1,"featured_media":25,"parent":0,"menu_order":0,"comment_status":"closed","ping_status":"closed","template":"","meta":{"_acf_changed":false,"footnotes":""},"class_list":["post-10","page","type-page","status-publish","has-post-thumbnail","hentry"],"acf":[],"_links":{"self":[{"href":"https:\/\/773psi.net\/wordpress\/wp-json\/wp\/v2\/pages\/10","targetHints":{"allow":["GET"]}}],"collection":[{"href":"https:\/\/773psi.net\/wordpress\/wp-json\/wp\/v2\/pages"}],"about":[{"href":"https:\/\/773psi.net\/wordpress\/wp-json\/wp\/v2\/types\/page"}],"author":[{"embeddable":true,"href":"https:\/\/773psi.net\/wordpress\/wp-json\/wp\/v2\/users\/1"}],"replies":[{"embeddable":true,"href":"https:\/\/773psi.net\/wordpress\/wp-json\/wp\/v2\/comments?post=10"}],"version-history":[{"count":3,"href":"https:\/\/773psi.net\/wordpress\/wp-json\/wp\/v2\/pages\/10\/revisions"}],"predecessor-version":[{"id":82,"href":"https:\/\/773psi.net\/wordpress\/wp-json\/wp\/v2\/pages\/10\/revisions\/82"}],"wp:featuredmedia":[{"embeddable":true,"href":"https:\/\/773psi.net\/wordpress\/wp-json\/wp\/v2\/media\/25"}],"wp:attachment":[{"href":"https:\/\/773psi.net\/wordpress\/wp-json\/wp\/v2\/media?parent=10"}],"curies":[{"name":"wp","href":"https:\/\/api.w.org\/{rel}","templated":true}]}}