{"id":69,"date":"2022-07-23T19:36:05","date_gmt":"2022-07-23T19:36:05","guid":{"rendered":"https:\/\/773psi.net\/wordpress\/?page_id=69"},"modified":"2025-09-08T10:13:06","modified_gmt":"2025-09-08T10:13:06","slug":"intencoes-de-inscricao","status":"publish","type":"page","link":"https:\/\/773psi.net\/wordpress\/agrupamento\/intencoes-de-inscricao\/","title":{"rendered":"Inten\u00e7\u00f5es de inscri\u00e7\u00e3o"},"content":{"rendered":"<p><center><br \/>\nNeste momento n\u00e3o estamos a aceitar mais inscri\u00e7\u00f5es.<br \/>\nInscri\u00e7\u00f5es Normamelmente s\u00e3o abertas entre Julho a Agosto.<br \/>\nObrigado pela sua compreens\u00e3o.<\/p>\n<p><\/center><\/p>\n<p><script>\n<center>\nEncontram-se Abertas as Inscri\u00e7\u00f5es \npara o Ano Escutista 2025\/2026, at\u00e9 31 de Agosto de 2025\n<iframe loading=\"lazy\" src=\"https:\/\/docs.google.com\/forms\/d\/e\/1FAIpQLScVYv0fdiwIEtP7yTAk0HdnwiUCJSaAvO3AM46eSzK_ZSHUYA\/viewform?embedded=true\" width=\"640\" height=\"1137\" frameborder=\"0\" marginheight=\"0\" marginwidth=\"0\">A carregar\u2026<\/iframe>\n<\/center>\n<\/script><\/p>\n","protected":false},"excerpt":{"rendered":"<p>Neste momento n\u00e3o estamos a aceitar mais inscri\u00e7\u00f5es. Inscri\u00e7\u00f5es Normamelmente s\u00e3o abertas entre Julho a Agosto. Obrigado pela sua compreens\u00e3o.<\/p>\n","protected":false},"author":1,"featured_media":276,"parent":12,"menu_order":2,"comment_status":"closed","ping_status":"closed","template":"","meta":{"_acf_changed":false,"footnotes":""},"class_list":["post-69","page","type-page","status-publish","has-post-thumbnail","hentry"],"acf":[],"_links":{"self":[{"href":"https:\/\/773psi.net\/wordpress\/wp-json\/wp\/v2\/pages\/69","targetHints":{"allow":["GET"]}}],"collection":[{"href":"https:\/\/773psi.net\/wordpress\/wp-json\/wp\/v2\/pages"}],"about":[{"href":"https:\/\/773psi.net\/wordpress\/wp-json\/wp\/v2\/types\/page"}],"author":[{"embeddable":true,"href":"https:\/\/773psi.net\/wordpress\/wp-json\/wp\/v2\/users\/1"}],"replies":[{"embeddable":true,"href":"https:\/\/773psi.net\/wordpress\/wp-json\/wp\/v2\/comments?post=69"}],"version-history":[{"count":16,"href":"https:\/\/773psi.net\/wordpress\/wp-json\/wp\/v2\/pages\/69\/revisions"}],"predecessor-version":[{"id":278,"href":"https:\/\/773psi.net\/wordpress\/wp-json\/wp\/v2\/pages\/69\/revisions\/278"}],"up":[{"embeddable":true,"href":"https:\/\/773psi.net\/wordpress\/wp-json\/wp\/v2\/pages\/12"}],"wp:featuredmedia":[{"embeddable":true,"href":"https:\/\/773psi.net\/wordpress\/wp-json\/wp\/v2\/media\/276"}],"wp:attachment":[{"href":"https:\/\/773psi.net\/wordpress\/wp-json\/wp\/v2\/media?parent=69"}],"curies":[{"name":"wp","href":"https:\/\/api.w.org\/{rel}","templated":true}]}}