{"id":87,"date":"2022-07-24T10:43:34","date_gmt":"2022-07-24T10:43:34","guid":{"rendered":"https:\/\/773psi.net\/wordpress\/?page_id=87"},"modified":"2022-07-24T20:14:48","modified_gmt":"2022-07-24T20:14:48","slug":"pe-psi","status":"publish","type":"page","link":"https:\/\/773psi.net\/wordpress\/pe-psi\/","title":{"rendered":"PE\/PSI"},"content":{"rendered":"<p>O PE\/PSI &#8211; Parque Escutista da P\u00f3voa de Santa Iria \u00e9 um projeto que iremos desenvolver durante o ano de 2022\/2023, com o objetivo principal de acolher os participantes nas Jornadas Mundiais da Juventude.<\/p>\n<p>O PE\/PSI &#8211; Parque Escutista da P\u00f3voa de Santa Iria, \u00e9 um parque integrado na Quinta Municipal da Piedade e \u00e9 gerido pelo Agrupamento de Escuteiros 773 da P\u00f3voa de Santa Iria, permite atividades de acantonamento at\u00e9 50 pessoas e de acampamento at\u00e9 200 pessoas.<\/p>\n<p>O PE\/PSI est\u00e1 integrado numa Quinta Municipal que para al\u00e9m de uma pequena floresta possui uma quinta pedag\u00f3gica e diversas \u00e1reas de lazer. Para al\u00e9m disso existem outras \u00e1reas interessantes para desenvolvimento de atividades, tais como, o Monte Serves, o Passeio Ribeirinho, a Mata do Para\u00edso e outras.<\/p>\n<p>Brevemente disponibilizaremos toda a oferta pedag\u00f3gica existente e desenvolvida pelo agrupamento.<\/p>\n","protected":false},"excerpt":{"rendered":"<p>O PE\/PSI &#8211; Parque Escutista da P\u00f3voa de Santa Iria \u00e9 um projeto que iremos desenvolver durante o ano de&#8230;<\/p>\n","protected":false},"author":1,"featured_media":0,"parent":0,"menu_order":0,"comment_status":"closed","ping_status":"closed","template":"","meta":{"_acf_changed":false,"footnotes":""},"class_list":["post-87","page","type-page","status-publish","hentry"],"acf":[],"_links":{"self":[{"href":"https:\/\/773psi.net\/wordpress\/wp-json\/wp\/v2\/pages\/87","targetHints":{"allow":["GET"]}}],"collection":[{"href":"https:\/\/773psi.net\/wordpress\/wp-json\/wp\/v2\/pages"}],"about":[{"href":"https:\/\/773psi.net\/wordpress\/wp-json\/wp\/v2\/types\/page"}],"author":[{"embeddable":true,"href":"https:\/\/773psi.net\/wordpress\/wp-json\/wp\/v2\/users\/1"}],"replies":[{"embeddable":true,"href":"https:\/\/773psi.net\/wordpress\/wp-json\/wp\/v2\/comments?post=87"}],"version-history":[{"count":3,"href":"https:\/\/773psi.net\/wordpress\/wp-json\/wp\/v2\/pages\/87\/revisions"}],"predecessor-version":[{"id":114,"href":"https:\/\/773psi.net\/wordpress\/wp-json\/wp\/v2\/pages\/87\/revisions\/114"}],"wp:attachment":[{"href":"https:\/\/773psi.net\/wordpress\/wp-json\/wp\/v2\/media?parent=87"}],"curies":[{"name":"wp","href":"https:\/\/api.w.org\/{rel}","templated":true}]}}